{"id":11,"date":"2018-05-05T14:35:31","date_gmt":"2018-05-05T12:35:31","guid":{"rendered":"http:\/\/www.sjgsanchez.fr\/gabrielattic\/?page_id=11"},"modified":"2021-12-05T07:31:09","modified_gmt":"2021-12-05T06:31:09","slug":"biographie","status":"publish","type":"page","link":"https:\/\/www.sjgsanchez.fr\/gabrielattic\/biographie\/","title":{"rendered":"Biographie"},"content":{"rendered":"<p style=\"text-align: justify;\"><img loading=\"lazy\" decoding=\"async\" class=\" wp-image-55\" style=\"float: left; margin: 0 20px 20px 0;\" src=\"https:\/\/www.sjgsanchez.fr\/gabrielattic\/wp-content\/uploads\/sites\/2\/2018\/05\/gab_facebook-300x300.jpg\" alt=\"\" width=\"298\" height=\"298\" srcset=\"https:\/\/www.sjgsanchez.fr\/gabrielattic\/wp-content\/uploads\/sites\/2\/2018\/05\/gab_facebook-300x300.jpg 300w, https:\/\/www.sjgsanchez.fr\/gabrielattic\/wp-content\/uploads\/sites\/2\/2018\/05\/gab_facebook-150x150.jpg 150w, https:\/\/www.sjgsanchez.fr\/gabrielattic\/wp-content\/uploads\/sites\/2\/2018\/05\/gab_facebook-768x768.jpg 768w, https:\/\/www.sjgsanchez.fr\/gabrielattic\/wp-content\/uploads\/sites\/2\/2018\/05\/gab_facebook-1024x1024.jpg 1024w\" sizes=\"auto, (max-width: 298px) 100vw, 298px\" \/>N\u00e9 en 1969, en banlieue parisienne (92), Gabriel Attic est un Europ\u00e9en fran\u00e7ais. Incarn\u00e9 dans une famille protestante, il a un p\u00e8re pied noir de l&rsquo;Oranais (d&rsquo;origine andalouse et marrane) et une m\u00e8re d&rsquo;origine basque et charentaise (anc\u00eatre de noblesse d&rsquo;\u00e9p\u00e9e). Pu\u00een\u00e9 d\u2019une famille de quatre enfants. Dans l&rsquo;ombre d\u2019une s\u0153ur a\u00een\u00e9e trop t\u00f4t disparue, il a grandi avec sa s\u0153ur benjamine autiste, dont le handicap lui fait prendre conscience tr\u00e8s t\u00f4t de l\u2019importance de la communication et du langage, qu\u2019il soit verbal ou corporel. Il a un fr\u00e8re cadet avec lequel il s&rsquo;est construit dans son enfance.<\/p>\n<p>\u00a0<\/p>\n<p style=\"text-align: justify;\">Psychologiquement, la lecture\u00a0 de l\u2019\u0153uvre de Carl Gustav Jung, compl\u00e9t\u00e9e par une formation (\u00e0 l&rsquo;<a href=\"https:\/\/www.jungantenneromande.ch\/\">Antenne romande C.G.Jung Institut-Z\u00fcrich<\/a>), a enrichi une compr\u00e9hension profonde de son int\u00e9riorit\u00e9.<\/p>\n<p style=\"text-align: justify;\">Spirituellement marqu\u00e9 par le christianisme, <a href=\"https:\/\/www.jesuites.com\/exercices-spirituels-2\/\">l&rsquo;apprentissage des exercices spirituels d&rsquo;Ignace de Loyola<\/a> lui permet une pratique quotidienne de m\u00e9ditation. L&rsquo;influence des P\u00e8res de l&rsquo;Eglise: Cl\u00e9ment d&rsquo;Alexandrie l&rsquo;a amen\u00e9 \u00e0 approfondir l&rsquo;h\u00e9ritage antique dans l&rsquo;ob\u00e9issance \u00e0 l&rsquo;injonction apollinienne (<a href=\"https:\/\/peterkingsley.org\/\">Connais-toi toi-m\u00eame<\/a>); Orig\u00e8ne lui a ouvert les yeux sur une lecture de la Bible au temps des Jud\u00e9ens du Second Temple&#8230; Lorsque les rabbins n&rsquo;existaient pas encore et que seuls veillaient les <a href=\"http:\/\/www.brepols.net\/Pages\/ShowProduct.aspx?prod_id=IS-9782503553061-1\">gardiens du Sanctuaire<\/a>.<\/p>\n<p style=\"text-align: justify;\">Artistiquement, il a pratiqu\u00e9 l\u2019escrime artistique pendant quatre ans sous les auspices des <a href=\"https:\/\/www.escrime-artistique.com\/\">Lames sur Seine<\/a> et sous l\u2019\u00e9gide bienfaisante du regrett\u00e9 Ma\u00eetre Claude Carliez (1925-2015), en d\u00e9couvrant la com\u00e9die th\u00e9\u00e2trale avec Dominique Duroussaud. A partir de 2003, il s\u2019investit corps et \u00e2me dans le tango argentin. Pour accompagner son travail d\u2019\u00e9criture, il a eu l\u2019honneur de r\u00e9aliser une r\u00e9sidence parrain\u00e9e par le CNL: un s\u00e9jour en 2008-2010 au Domaine de La Pr\u00e9e avec l\u2019association <a href=\"http:\/\/pqev.org\" rel=\"nofollow\">Pour que l\u2019esprit vive<\/a> lui a permis de poursuivre son travail d\u2019\u00e9criture dans des conditions optimales, au sein d\u2019une ancienne abbaye cistercienne reconvertie au XIXe si\u00e8cle en ch\u00e2teau de plaisance.<\/p>\n<p style=\"text-align: left;\">Intellectuellement, il est influenc\u00e9 par son m\u00e9tier d\u2019historien de l\u2019Antiquit\u00e9 (<a href=\"https:\/\/www.sjgsanchez.fr\" rel=\"nofollow\">www.sjgsanchez.fr<\/a>).<\/p>\n<p style=\"text-align: justify;\">\u00a0<\/p>\n\n\n<p><\/p>\n","protected":false},"excerpt":{"rendered":"<p>N\u00e9 en 1969, en banlieue parisienne (92), Gabriel Attic est un Europ\u00e9en fran\u00e7ais. Incarn\u00e9 dans une famille protestante, il a un p\u00e8re pied noir de l&rsquo;Oranais (d&rsquo;origine andalouse et marrane) et une m\u00e8re d&rsquo;origine basque et charentaise (anc\u00eatre de noblesse d&rsquo;\u00e9p\u00e9e). Pu\u00een\u00e9 d\u2019une famille de quatre enfants. Dans l&rsquo;ombre d\u2019une s\u0153ur a\u00een\u00e9e trop t\u00f4t disparue, [&hellip;]<\/p>\n","protected":false},"author":1,"featured_media":0,"parent":0,"menu_order":0,"comment_status":"closed","ping_status":"closed","template":"templates\/about.php","meta":{"footnotes":""},"class_list":["post-11","page","type-page","status-publish","hentry"],"yoast_head":"<!-- This site is optimized with the Yoast SEO plugin v25.5 - https:\/\/yoast.com\/wordpress\/plugins\/seo\/ -->\n<title>Biographie - Gabriel Attic<\/title>\n<meta name=\"robots\" content=\"index, follow, max-snippet:-1, max-image-preview:large, max-video-preview:-1\" \/>\n<link rel=\"canonical\" href=\"http:\/\/www.gabrielattic.com\/biographie\/\" \/>\n<meta property=\"og:locale\" content=\"fr_FR\" \/>\n<meta property=\"og:type\" content=\"article\" \/>\n<meta property=\"og:title\" content=\"Biographie - Gabriel Attic\" \/>\n<meta property=\"og:description\" content=\"N\u00e9 en 1969, en banlieue parisienne (92), Gabriel Attic est un Europ\u00e9en fran\u00e7ais. Incarn\u00e9 dans une famille protestante, il a un p\u00e8re pied noir de l&rsquo;Oranais (d&rsquo;origine andalouse et marrane) et une m\u00e8re d&rsquo;origine basque et charentaise (anc\u00eatre de noblesse d&rsquo;\u00e9p\u00e9e). Pu\u00een\u00e9 d\u2019une famille de quatre enfants. Dans l&rsquo;ombre d\u2019une s\u0153ur a\u00een\u00e9e trop t\u00f4t disparue, [&hellip;]\" \/>\n<meta property=\"og:url\" content=\"http:\/\/www.gabrielattic.com\/biographie\/\" \/>\n<meta property=\"og:site_name\" content=\"Gabriel Attic\" \/>\n<meta property=\"article:modified_time\" content=\"2021-12-05T06:31:09+00:00\" \/>\n<meta property=\"og:image\" content=\"https:\/\/www.sjgsanchez.fr\/gabrielattic\/wp-content\/uploads\/sites\/2\/2018\/05\/gab_facebook-300x300.jpg\" \/>\n<meta name=\"twitter:card\" content=\"summary_large_image\" \/>\n<meta name=\"twitter:label1\" content=\"Dur\u00e9e de lecture estim\u00e9e\" \/>\n\t<meta name=\"twitter:data1\" content=\"2 minutes\" \/>\n<script type=\"application\/ld+json\" class=\"yoast-schema-graph\">{\"@context\":\"https:\/\/schema.org\",\"@graph\":[{\"@type\":\"WebPage\",\"@id\":\"http:\/\/www.gabrielattic.com\/biographie\/\",\"url\":\"http:\/\/www.gabrielattic.com\/biographie\/\",\"name\":\"Biographie - Gabriel Attic\",\"isPartOf\":{\"@id\":\"http:\/\/www.gabrielattic.com\/#website\"},\"primaryImageOfPage\":{\"@id\":\"http:\/\/www.gabrielattic.com\/biographie\/#primaryimage\"},\"image\":{\"@id\":\"http:\/\/www.gabrielattic.com\/biographie\/#primaryimage\"},\"thumbnailUrl\":\"https:\/\/www.sjgsanchez.fr\/gabrielattic\/wp-content\/uploads\/sites\/2\/2018\/05\/gab_facebook-300x300.jpg\",\"datePublished\":\"2018-05-05T12:35:31+00:00\",\"dateModified\":\"2021-12-05T06:31:09+00:00\",\"breadcrumb\":{\"@id\":\"http:\/\/www.gabrielattic.com\/biographie\/#breadcrumb\"},\"inLanguage\":\"fr-FR\",\"potentialAction\":[{\"@type\":\"ReadAction\",\"target\":[\"http:\/\/www.gabrielattic.com\/biographie\/\"]}]},{\"@type\":\"ImageObject\",\"inLanguage\":\"fr-FR\",\"@id\":\"http:\/\/www.gabrielattic.com\/biographie\/#primaryimage\",\"url\":\"https:\/\/www.sjgsanchez.fr\/gabrielattic\/wp-content\/uploads\/sites\/2\/2018\/05\/gab_facebook.jpg\",\"contentUrl\":\"https:\/\/www.sjgsanchez.fr\/gabrielattic\/wp-content\/uploads\/sites\/2\/2018\/05\/gab_facebook.jpg\",\"width\":3216,\"height\":3216},{\"@type\":\"BreadcrumbList\",\"@id\":\"http:\/\/www.gabrielattic.com\/biographie\/#breadcrumb\",\"itemListElement\":[{\"@type\":\"ListItem\",\"position\":1,\"name\":\"Accueil\",\"item\":\"http:\/\/www.gabrielattic.com\/\"},{\"@type\":\"ListItem\",\"position\":2,\"name\":\"Biographie\"}]},{\"@type\":\"WebSite\",\"@id\":\"http:\/\/www.gabrielattic.com\/#website\",\"url\":\"http:\/\/www.gabrielattic.com\/\",\"name\":\"Gabriel Attic\",\"description\":\"\",\"potentialAction\":[{\"@type\":\"SearchAction\",\"target\":{\"@type\":\"EntryPoint\",\"urlTemplate\":\"http:\/\/www.gabrielattic.com\/?s={search_term_string}\"},\"query-input\":{\"@type\":\"PropertyValueSpecification\",\"valueRequired\":true,\"valueName\":\"search_term_string\"}}],\"inLanguage\":\"fr-FR\"}]}<\/script>\n<!-- \/ Yoast SEO plugin. -->","yoast_head_json":{"title":"Biographie - Gabriel Attic","robots":{"index":"index","follow":"follow","max-snippet":"max-snippet:-1","max-image-preview":"max-image-preview:large","max-video-preview":"max-video-preview:-1"},"canonical":"http:\/\/www.gabrielattic.com\/biographie\/","og_locale":"fr_FR","og_type":"article","og_title":"Biographie - Gabriel Attic","og_description":"N\u00e9 en 1969, en banlieue parisienne (92), Gabriel Attic est un Europ\u00e9en fran\u00e7ais. Incarn\u00e9 dans une famille protestante, il a un p\u00e8re pied noir de l&rsquo;Oranais (d&rsquo;origine andalouse et marrane) et une m\u00e8re d&rsquo;origine basque et charentaise (anc\u00eatre de noblesse d&rsquo;\u00e9p\u00e9e). Pu\u00een\u00e9 d\u2019une famille de quatre enfants. Dans l&rsquo;ombre d\u2019une s\u0153ur a\u00een\u00e9e trop t\u00f4t disparue, [&hellip;]","og_url":"http:\/\/www.gabrielattic.com\/biographie\/","og_site_name":"Gabriel Attic","article_modified_time":"2021-12-05T06:31:09+00:00","og_image":[{"url":"https:\/\/www.sjgsanchez.fr\/gabrielattic\/wp-content\/uploads\/sites\/2\/2018\/05\/gab_facebook-300x300.jpg","type":"","width":"","height":""}],"twitter_card":"summary_large_image","twitter_misc":{"Dur\u00e9e de lecture estim\u00e9e":"2 minutes"},"schema":{"@context":"https:\/\/schema.org","@graph":[{"@type":"WebPage","@id":"http:\/\/www.gabrielattic.com\/biographie\/","url":"http:\/\/www.gabrielattic.com\/biographie\/","name":"Biographie - Gabriel Attic","isPartOf":{"@id":"http:\/\/www.gabrielattic.com\/#website"},"primaryImageOfPage":{"@id":"http:\/\/www.gabrielattic.com\/biographie\/#primaryimage"},"image":{"@id":"http:\/\/www.gabrielattic.com\/biographie\/#primaryimage"},"thumbnailUrl":"https:\/\/www.sjgsanchez.fr\/gabrielattic\/wp-content\/uploads\/sites\/2\/2018\/05\/gab_facebook-300x300.jpg","datePublished":"2018-05-05T12:35:31+00:00","dateModified":"2021-12-05T06:31:09+00:00","breadcrumb":{"@id":"http:\/\/www.gabrielattic.com\/biographie\/#breadcrumb"},"inLanguage":"fr-FR","potentialAction":[{"@type":"ReadAction","target":["http:\/\/www.gabrielattic.com\/biographie\/"]}]},{"@type":"ImageObject","inLanguage":"fr-FR","@id":"http:\/\/www.gabrielattic.com\/biographie\/#primaryimage","url":"https:\/\/www.sjgsanchez.fr\/gabrielattic\/wp-content\/uploads\/sites\/2\/2018\/05\/gab_facebook.jpg","contentUrl":"https:\/\/www.sjgsanchez.fr\/gabrielattic\/wp-content\/uploads\/sites\/2\/2018\/05\/gab_facebook.jpg","width":3216,"height":3216},{"@type":"BreadcrumbList","@id":"http:\/\/www.gabrielattic.com\/biographie\/#breadcrumb","itemListElement":[{"@type":"ListItem","position":1,"name":"Accueil","item":"http:\/\/www.gabrielattic.com\/"},{"@type":"ListItem","position":2,"name":"Biographie"}]},{"@type":"WebSite","@id":"http:\/\/www.gabrielattic.com\/#website","url":"http:\/\/www.gabrielattic.com\/","name":"Gabriel Attic","description":"","potentialAction":[{"@type":"SearchAction","target":{"@type":"EntryPoint","urlTemplate":"http:\/\/www.gabrielattic.com\/?s={search_term_string}"},"query-input":{"@type":"PropertyValueSpecification","valueRequired":true,"valueName":"search_term_string"}}],"inLanguage":"fr-FR"}]}},"_links":{"self":[{"href":"https:\/\/www.sjgsanchez.fr\/gabrielattic\/wp-json\/wp\/v2\/pages\/11","targetHints":{"allow":["GET"]}}],"collection":[{"href":"https:\/\/www.sjgsanchez.fr\/gabrielattic\/wp-json\/wp\/v2\/pages"}],"about":[{"href":"https:\/\/www.sjgsanchez.fr\/gabrielattic\/wp-json\/wp\/v2\/types\/page"}],"author":[{"embeddable":true,"href":"https:\/\/www.sjgsanchez.fr\/gabrielattic\/wp-json\/wp\/v2\/users\/1"}],"replies":[{"embeddable":true,"href":"https:\/\/www.sjgsanchez.fr\/gabrielattic\/wp-json\/wp\/v2\/comments?post=11"}],"version-history":[{"count":45,"href":"https:\/\/www.sjgsanchez.fr\/gabrielattic\/wp-json\/wp\/v2\/pages\/11\/revisions"}],"predecessor-version":[{"id":289,"href":"https:\/\/www.sjgsanchez.fr\/gabrielattic\/wp-json\/wp\/v2\/pages\/11\/revisions\/289"}],"wp:attachment":[{"href":"https:\/\/www.sjgsanchez.fr\/gabrielattic\/wp-json\/wp\/v2\/media?parent=11"}],"curies":[{"name":"wp","href":"https:\/\/api.w.org\/{rel}","templated":true}]}}