{"id":17,"date":"2018-05-05T14:36:09","date_gmt":"2018-05-05T12:36:09","guid":{"rendered":"http:\/\/www.sjgsanchez.fr\/gabrielattic\/?page_id=17"},"modified":"2021-10-07T20:28:00","modified_gmt":"2021-10-07T18:28:00","slug":"astronomie-ancienne","status":"publish","type":"page","link":"https:\/\/www.sjgsanchez.fr\/gabrielattic\/enseignement\/astronomie-ancienne\/","title":{"rendered":"Astronomie ancienne"},"content":{"rendered":"\n<figure class=\"wp-block-embed is-type-video is-provider-youtube wp-block-embed-youtube wp-embed-aspect-16-9 wp-has-aspect-ratio\"><div class=\"wp-block-embed__wrapper\">\n<iframe loading=\"lazy\" title=\"MARS, le constructeur\/ARES, le destructeur\" width=\"640\" height=\"360\" src=\"https:\/\/www.youtube.com\/embed\/T4yGDuEfVJc?start=65&#038;feature=oembed\" frameborder=\"0\" allow=\"accelerometer; autoplay; clipboard-write; encrypted-media; gyroscope; picture-in-picture; web-share\" referrerpolicy=\"strict-origin-when-cross-origin\" allowfullscreen><\/iframe>\n<\/div><figcaption>Le dieu Ar\u00e8s\/Mars<\/figcaption><\/figure>\n\n\n\n<figure class=\"wp-block-embed is-type-video is-provider-youtube wp-block-embed-youtube wp-embed-aspect-16-9 wp-has-aspect-ratio\"><div class=\"wp-block-embed__wrapper\">\n<iframe loading=\"lazy\" title=\"VENUS1 4\" width=\"640\" height=\"360\" src=\"https:\/\/www.youtube.com\/embed\/bOwCnNQhx10?start=38&#038;feature=oembed\" frameborder=\"0\" allow=\"accelerometer; autoplay; clipboard-write; encrypted-media; gyroscope; picture-in-picture; web-share\" referrerpolicy=\"strict-origin-when-cross-origin\" allowfullscreen><\/iframe>\n<\/div><figcaption>Aphrodite\/V\u00e9nus 1\/4<\/figcaption><\/figure>\n\n\n\n<figure class=\"wp-block-embed is-type-video is-provider-youtube wp-block-embed-youtube wp-embed-aspect-16-9 wp-has-aspect-ratio\"><div class=\"wp-block-embed__wrapper\">\n<iframe loading=\"lazy\" title=\"VENUS 2 4\" width=\"640\" height=\"360\" src=\"https:\/\/www.youtube.com\/embed\/yaMQULNxljE?start=9&#038;feature=oembed\" frameborder=\"0\" allow=\"accelerometer; autoplay; clipboard-write; encrypted-media; gyroscope; picture-in-picture; web-share\" referrerpolicy=\"strict-origin-when-cross-origin\" allowfullscreen><\/iframe>\n<\/div><figcaption>Aphrodite\/V\u00e9nus 2\/4<\/figcaption><\/figure>\n\n\n\n<figure class=\"wp-block-embed is-type-video is-provider-youtube wp-block-embed-youtube wp-embed-aspect-16-9 wp-has-aspect-ratio\"><div class=\"wp-block-embed__wrapper\">\n<iframe loading=\"lazy\" title=\"VENUS 3 4\" width=\"640\" height=\"360\" src=\"https:\/\/www.youtube.com\/embed\/VePxN43BMOA?start=3&#038;feature=oembed\" frameborder=\"0\" allow=\"accelerometer; autoplay; clipboard-write; encrypted-media; gyroscope; picture-in-picture; web-share\" referrerpolicy=\"strict-origin-when-cross-origin\" allowfullscreen><\/iframe>\n<\/div><figcaption>Aphrodite\/V\u00e9nus 3\/4<\/figcaption><\/figure>\n\n\n\n<figure class=\"wp-block-embed is-type-video is-provider-youtube wp-block-embed-youtube wp-embed-aspect-16-9 wp-has-aspect-ratio\"><div class=\"wp-block-embed__wrapper\">\n<iframe loading=\"lazy\" title=\"VENUS 4 4\" width=\"640\" height=\"360\" src=\"https:\/\/www.youtube.com\/embed\/SjkbL696sDE?feature=oembed\" frameborder=\"0\" allow=\"accelerometer; autoplay; clipboard-write; encrypted-media; gyroscope; picture-in-picture; web-share\" referrerpolicy=\"strict-origin-when-cross-origin\" allowfullscreen><\/iframe>\n<\/div><figcaption>Aphrodite\/V\u00e9nus4\/4<\/figcaption><\/figure>\n\n\n\n<figure class=\"wp-block-embed is-type-video is-provider-youtube wp-block-embed-youtube wp-embed-aspect-16-9 wp-has-aspect-ratio\"><div class=\"wp-block-embed__wrapper\">\n<iframe loading=\"lazy\" title=\"HADES 1-6: le r\u00e9el est aussi invisible\" width=\"640\" height=\"360\" src=\"https:\/\/www.youtube.com\/embed\/thV80vfBOlI?feature=oembed\" frameborder=\"0\" allow=\"accelerometer; autoplay; clipboard-write; encrypted-media; gyroscope; picture-in-picture; web-share\" referrerpolicy=\"strict-origin-when-cross-origin\" allowfullscreen><\/iframe>\n<\/div><figcaption>Had\u00e8s\/Pluton 1\/6: l&rsquo;invisible<\/figcaption><\/figure>\n\n\n\n<figure class=\"wp-block-embed is-type-video is-provider-youtube wp-block-embed-youtube wp-embed-aspect-16-9 wp-has-aspect-ratio\"><div class=\"wp-block-embed__wrapper\">\n<iframe loading=\"lazy\" title=\"Hades 2 6\" width=\"640\" height=\"360\" src=\"https:\/\/www.youtube.com\/embed\/YQXy0iIAeKc?start=718&#038;feature=oembed\" frameborder=\"0\" allow=\"accelerometer; autoplay; clipboard-write; encrypted-media; gyroscope; picture-in-picture; web-share\" referrerpolicy=\"strict-origin-when-cross-origin\" allowfullscreen><\/iframe>\n<\/div><figcaption>Had\u00e8s\/Pluton 2\/6: D\u00e9m\u00e9ter et Kor\u00e8<\/figcaption><\/figure>\n\n\n\n<figure class=\"wp-block-embed is-type-video is-provider-youtube wp-block-embed-youtube wp-embed-aspect-16-9 wp-has-aspect-ratio\"><div class=\"wp-block-embed__wrapper\">\n<iframe loading=\"lazy\" title=\"Hades 3-6: le dualisme moral\" width=\"640\" height=\"360\" src=\"https:\/\/www.youtube.com\/embed\/K1D4QzexwwI?start=495&#038;feature=oembed\" frameborder=\"0\" allow=\"accelerometer; autoplay; clipboard-write; encrypted-media; gyroscope; picture-in-picture; web-share\" referrerpolicy=\"strict-origin-when-cross-origin\" allowfullscreen><\/iframe>\n<\/div><figcaption>Had\u00e8s\/Pluton 3\/6: le dualisme moral ou duellit\u00e9?<\/figcaption><\/figure>\n\n\n\n<figure class=\"wp-block-embed is-type-video is-provider-youtube wp-block-embed-youtube wp-embed-aspect-16-9 wp-has-aspect-ratio\"><div class=\"wp-block-embed__wrapper\">\n<iframe loading=\"lazy\" title=\"Hades 4-6: De l&#039;ombre surgit la lumi\u00e8re\" width=\"640\" height=\"360\" src=\"https:\/\/www.youtube.com\/embed\/5DsCm5HTc1I?feature=oembed\" frameborder=\"0\" allow=\"accelerometer; autoplay; clipboard-write; encrypted-media; gyroscope; picture-in-picture; web-share\" referrerpolicy=\"strict-origin-when-cross-origin\" allowfullscreen><\/iframe>\n<\/div><figcaption>Had\u00e8s\/Pluton 4\/6: tu veux la lumi\u00e8re? Affronte ta t\u00e9n\u00e8bre!<\/figcaption><\/figure>\n\n\n\n<figure class=\"wp-block-embed is-type-video is-provider-youtube wp-block-embed-youtube wp-embed-aspect-16-9 wp-has-aspect-ratio\"><div class=\"wp-block-embed__wrapper\">\n<iframe loading=\"lazy\" title=\"Hades 5-6\" width=\"640\" height=\"360\" src=\"https:\/\/www.youtube.com\/embed\/Jl9SqqAVXA8?feature=oembed\" frameborder=\"0\" allow=\"accelerometer; autoplay; clipboard-write; encrypted-media; gyroscope; picture-in-picture; web-share\" referrerpolicy=\"strict-origin-when-cross-origin\" allowfullscreen><\/iframe>\n<\/div><figcaption>Had\u00e8s\/Pluton 5\/6: l&rsquo;ombre est poly\u00e9drique<\/figcaption><\/figure>\n\n\n\n<figure class=\"wp-block-embed is-type-video is-provider-youtube wp-block-embed-youtube wp-embed-aspect-16-9 wp-has-aspect-ratio\"><div class=\"wp-block-embed__wrapper\">\n<iframe loading=\"lazy\" title=\"Hades 6-6: la subtilit\u00e9 de l&#039;ombre \u00e0 travers les repr\u00e9sentations des Grecs\" width=\"640\" height=\"360\" src=\"https:\/\/www.youtube.com\/embed\/1q4W9JLa7TY?feature=oembed\" frameborder=\"0\" allow=\"accelerometer; autoplay; clipboard-write; encrypted-media; gyroscope; picture-in-picture; web-share\" referrerpolicy=\"strict-origin-when-cross-origin\" allowfullscreen><\/iframe>\n<\/div><figcaption>Had\u00e8s\/Pluton 6\/6: les subtilit\u00e9s de l&rsquo;ombre \u00e0 travers les yeux des Grecs<\/figcaption><\/figure>\n\n\n\n<figure class=\"wp-block-embed is-type-video is-provider-youtube wp-block-embed-youtube wp-embed-aspect-16-9 wp-has-aspect-ratio\"><div class=\"wp-block-embed__wrapper\">\n<iframe loading=\"lazy\" title=\"CHIRON 1: astronomie\" width=\"640\" height=\"360\" src=\"https:\/\/www.youtube.com\/embed\/vp5nNwirnS8?feature=oembed\" frameborder=\"0\" allow=\"accelerometer; autoplay; clipboard-write; encrypted-media; gyroscope; picture-in-picture; web-share\" referrerpolicy=\"strict-origin-when-cross-origin\" allowfullscreen><\/iframe>\n<\/div><figcaption>CHIRON 1: approche astronomique<\/figcaption><\/figure>\n","protected":false},"excerpt":{"rendered":"","protected":false},"author":1,"featured_media":0,"parent":15,"menu_order":0,"comment_status":"closed","ping_status":"closed","template":"","meta":{"footnotes":""},"class_list":["post-17","page","type-page","status-publish","hentry"],"yoast_head":"<!-- This site is optimized with the Yoast SEO plugin v25.5 - https:\/\/yoast.com\/wordpress\/plugins\/seo\/ -->\n<title>Astronomie ancienne - Gabriel Attic<\/title>\n<meta name=\"robots\" content=\"index, follow, max-snippet:-1, max-image-preview:large, max-video-preview:-1\" \/>\n<link rel=\"canonical\" href=\"https:\/\/www.sjgsanchez.fr\/gabrielattic\/enseignement\/astronomie-ancienne\/\" \/>\n<meta property=\"og:locale\" content=\"fr_FR\" \/>\n<meta property=\"og:type\" content=\"article\" \/>\n<meta property=\"og:title\" content=\"Astronomie ancienne - Gabriel Attic\" \/>\n<meta property=\"og:url\" content=\"https:\/\/www.sjgsanchez.fr\/gabrielattic\/enseignement\/astronomie-ancienne\/\" \/>\n<meta property=\"og:site_name\" content=\"Gabriel Attic\" \/>\n<meta property=\"article:modified_time\" content=\"2021-10-07T18:28:00+00:00\" \/>\n<meta name=\"twitter:card\" content=\"summary_large_image\" \/>\n<meta name=\"twitter:label1\" content=\"Dur\u00e9e de lecture estim\u00e9e\" \/>\n\t<meta name=\"twitter:data1\" content=\"1 minute\" \/>\n<script type=\"application\/ld+json\" class=\"yoast-schema-graph\">{\"@context\":\"https:\/\/schema.org\",\"@graph\":[{\"@type\":\"WebPage\",\"@id\":\"https:\/\/www.sjgsanchez.fr\/gabrielattic\/enseignement\/astronomie-ancienne\/\",\"url\":\"https:\/\/www.sjgsanchez.fr\/gabrielattic\/enseignement\/astronomie-ancienne\/\",\"name\":\"Astronomie ancienne - Gabriel Attic\",\"isPartOf\":{\"@id\":\"http:\/\/gabrielattic.com\/#website\"},\"datePublished\":\"2018-05-05T12:36:09+00:00\",\"dateModified\":\"2021-10-07T18:28:00+00:00\",\"breadcrumb\":{\"@id\":\"https:\/\/www.sjgsanchez.fr\/gabrielattic\/enseignement\/astronomie-ancienne\/#breadcrumb\"},\"inLanguage\":\"fr-FR\",\"potentialAction\":[{\"@type\":\"ReadAction\",\"target\":[\"https:\/\/www.sjgsanchez.fr\/gabrielattic\/enseignement\/astronomie-ancienne\/\"]}]},{\"@type\":\"BreadcrumbList\",\"@id\":\"https:\/\/www.sjgsanchez.fr\/gabrielattic\/enseignement\/astronomie-ancienne\/#breadcrumb\",\"itemListElement\":[{\"@type\":\"ListItem\",\"position\":1,\"name\":\"Accueil\",\"item\":\"http:\/\/gabrielattic.com\/\"},{\"@type\":\"ListItem\",\"position\":2,\"name\":\"Enseignement\",\"item\":\"https:\/\/www.sjgsanchez.fr\/gabrielattic\/enseignement\/\"},{\"@type\":\"ListItem\",\"position\":3,\"name\":\"Astronomie ancienne\"}]},{\"@type\":\"WebSite\",\"@id\":\"http:\/\/gabrielattic.com\/#website\",\"url\":\"http:\/\/gabrielattic.com\/\",\"name\":\"Gabriel Attic\",\"description\":\"\",\"potentialAction\":[{\"@type\":\"SearchAction\",\"target\":{\"@type\":\"EntryPoint\",\"urlTemplate\":\"http:\/\/gabrielattic.com\/?s={search_term_string}\"},\"query-input\":{\"@type\":\"PropertyValueSpecification\",\"valueRequired\":true,\"valueName\":\"search_term_string\"}}],\"inLanguage\":\"fr-FR\"}]}<\/script>\n<!-- \/ Yoast SEO plugin. -->","yoast_head_json":{"title":"Astronomie ancienne - Gabriel Attic","robots":{"index":"index","follow":"follow","max-snippet":"max-snippet:-1","max-image-preview":"max-image-preview:large","max-video-preview":"max-video-preview:-1"},"canonical":"https:\/\/www.sjgsanchez.fr\/gabrielattic\/enseignement\/astronomie-ancienne\/","og_locale":"fr_FR","og_type":"article","og_title":"Astronomie ancienne - Gabriel Attic","og_url":"https:\/\/www.sjgsanchez.fr\/gabrielattic\/enseignement\/astronomie-ancienne\/","og_site_name":"Gabriel Attic","article_modified_time":"2021-10-07T18:28:00+00:00","twitter_card":"summary_large_image","twitter_misc":{"Dur\u00e9e de lecture estim\u00e9e":"1 minute"},"schema":{"@context":"https:\/\/schema.org","@graph":[{"@type":"WebPage","@id":"https:\/\/www.sjgsanchez.fr\/gabrielattic\/enseignement\/astronomie-ancienne\/","url":"https:\/\/www.sjgsanchez.fr\/gabrielattic\/enseignement\/astronomie-ancienne\/","name":"Astronomie ancienne - Gabriel Attic","isPartOf":{"@id":"http:\/\/gabrielattic.com\/#website"},"datePublished":"2018-05-05T12:36:09+00:00","dateModified":"2021-10-07T18:28:00+00:00","breadcrumb":{"@id":"https:\/\/www.sjgsanchez.fr\/gabrielattic\/enseignement\/astronomie-ancienne\/#breadcrumb"},"inLanguage":"fr-FR","potentialAction":[{"@type":"ReadAction","target":["https:\/\/www.sjgsanchez.fr\/gabrielattic\/enseignement\/astronomie-ancienne\/"]}]},{"@type":"BreadcrumbList","@id":"https:\/\/www.sjgsanchez.fr\/gabrielattic\/enseignement\/astronomie-ancienne\/#breadcrumb","itemListElement":[{"@type":"ListItem","position":1,"name":"Accueil","item":"http:\/\/gabrielattic.com\/"},{"@type":"ListItem","position":2,"name":"Enseignement","item":"https:\/\/www.sjgsanchez.fr\/gabrielattic\/enseignement\/"},{"@type":"ListItem","position":3,"name":"Astronomie ancienne"}]},{"@type":"WebSite","@id":"http:\/\/gabrielattic.com\/#website","url":"http:\/\/gabrielattic.com\/","name":"Gabriel Attic","description":"","potentialAction":[{"@type":"SearchAction","target":{"@type":"EntryPoint","urlTemplate":"http:\/\/gabrielattic.com\/?s={search_term_string}"},"query-input":{"@type":"PropertyValueSpecification","valueRequired":true,"valueName":"search_term_string"}}],"inLanguage":"fr-FR"}]}},"_links":{"self":[{"href":"https:\/\/www.sjgsanchez.fr\/gabrielattic\/wp-json\/wp\/v2\/pages\/17","targetHints":{"allow":["GET"]}}],"collection":[{"href":"https:\/\/www.sjgsanchez.fr\/gabrielattic\/wp-json\/wp\/v2\/pages"}],"about":[{"href":"https:\/\/www.sjgsanchez.fr\/gabrielattic\/wp-json\/wp\/v2\/types\/page"}],"author":[{"embeddable":true,"href":"https:\/\/www.sjgsanchez.fr\/gabrielattic\/wp-json\/wp\/v2\/users\/1"}],"replies":[{"embeddable":true,"href":"https:\/\/www.sjgsanchez.fr\/gabrielattic\/wp-json\/wp\/v2\/comments?post=17"}],"version-history":[{"count":11,"href":"https:\/\/www.sjgsanchez.fr\/gabrielattic\/wp-json\/wp\/v2\/pages\/17\/revisions"}],"predecessor-version":[{"id":267,"href":"https:\/\/www.sjgsanchez.fr\/gabrielattic\/wp-json\/wp\/v2\/pages\/17\/revisions\/267"}],"up":[{"embeddable":true,"href":"https:\/\/www.sjgsanchez.fr\/gabrielattic\/wp-json\/wp\/v2\/pages\/15"}],"wp:attachment":[{"href":"https:\/\/www.sjgsanchez.fr\/gabrielattic\/wp-json\/wp\/v2\/media?parent=17"}],"curies":[{"name":"wp","href":"https:\/\/api.w.org\/{rel}","templated":true}]}}