{"id":252,"date":"2021-03-20T06:19:37","date_gmt":"2021-03-20T05:19:37","guid":{"rendered":"https:\/\/www.sjgsanchez.fr\/gabrielattic\/?page_id=252"},"modified":"2026-04-02T16:51:56","modified_gmt":"2026-04-02T14:51:56","slug":"la-phrase-de-la-semaine","status":"publish","type":"page","link":"https:\/\/www.sjgsanchez.fr\/gabrielattic\/la-phrase-de-la-semaine\/","title":{"rendered":"Rencontres"},"content":{"rendered":"\n<figure class=\"wp-block-embed is-type-video is-provider-youtube wp-block-embed-youtube wp-embed-aspect-16-9 wp-has-aspect-ratio\"><div class=\"wp-block-embed__wrapper\">\n<iframe loading=\"lazy\" title=\"La Sulamite \u00e0 la peau noire comme l&#039;aurore...\" width=\"640\" height=\"360\" src=\"https:\/\/www.youtube.com\/embed\/Frc-Pp-of5o?feature=oembed\" frameborder=\"0\" allow=\"accelerometer; autoplay; clipboard-write; encrypted-media; gyroscope; picture-in-picture; web-share\" referrerpolicy=\"strict-origin-when-cross-origin\" allowfullscreen><\/iframe>\n<\/div><\/figure>\n\n\n\n<p>Des causeries sont organis\u00e9es de fa\u00e7on mensuelle dans un lieu porteur d&rsquo;\u00e9nergies apaisantes: une crypte chr\u00e9tienne porteuse de m\u00e9moires\u2026 Prochaine s\u00e9ance le vendredi 17 avril 2026 \u00e0 20h, comme d&rsquo;habitude (entr\u00e9e gratuite)<\/p>\n\n\n\n<p>Pour plus de renseignements, \u00e9crire \u00e0: sjggattic@gmail.com<\/p>\n\n\n\n<p><\/p>\n","protected":false},"excerpt":{"rendered":"<p>Des causeries sont organis\u00e9es de fa\u00e7on mensuelle dans un lieu porteur d&rsquo;\u00e9nergies apaisantes: une crypte chr\u00e9tienne porteuse de m\u00e9moires\u2026 Prochaine s\u00e9ance le vendredi 17 avril 2026 \u00e0 20h, comme d&rsquo;habitude (entr\u00e9e gratuite) Pour plus de renseignements, \u00e9crire \u00e0: sjggattic@gmail.com<\/p>\n","protected":false},"author":2,"featured_media":0,"parent":0,"menu_order":0,"comment_status":"closed","ping_status":"closed","template":"","meta":{"footnotes":""},"class_list":["post-252","page","type-page","status-publish","hentry"],"yoast_head":"<!-- This site is optimized with the Yoast SEO plugin v25.5 - https:\/\/yoast.com\/wordpress\/plugins\/seo\/ -->\n<title>Rencontres - Gabriel Attic<\/title>\n<meta name=\"robots\" content=\"index, follow, max-snippet:-1, max-image-preview:large, max-video-preview:-1\" \/>\n<link rel=\"canonical\" href=\"https:\/\/gabrielattic.com\/la-phrase-de-la-semaine\/\" \/>\n<meta property=\"og:locale\" content=\"fr_FR\" \/>\n<meta property=\"og:type\" content=\"article\" \/>\n<meta property=\"og:title\" content=\"Rencontres - Gabriel Attic\" \/>\n<meta property=\"og:description\" content=\"Des causeries sont organis\u00e9es de fa\u00e7on mensuelle dans un lieu porteur d&rsquo;\u00e9nergies apaisantes: une crypte chr\u00e9tienne porteuse de m\u00e9moires\u2026 Prochaine s\u00e9ance le vendredi 17 avril 2026 \u00e0 20h, comme d&rsquo;habitude (entr\u00e9e gratuite) Pour plus de renseignements, \u00e9crire \u00e0: sjggattic@gmail.com\" \/>\n<meta property=\"og:url\" content=\"https:\/\/gabrielattic.com\/la-phrase-de-la-semaine\/\" \/>\n<meta property=\"og:site_name\" content=\"Gabriel Attic\" \/>\n<meta property=\"article:modified_time\" content=\"2026-04-02T14:51:56+00:00\" \/>\n<meta name=\"twitter:card\" content=\"summary_large_image\" \/>\n<meta name=\"twitter:label1\" content=\"Dur\u00e9e de lecture estim\u00e9e\" \/>\n\t<meta name=\"twitter:data1\" content=\"1 minute\" \/>\n<script type=\"application\/ld+json\" class=\"yoast-schema-graph\">{\"@context\":\"https:\/\/schema.org\",\"@graph\":[{\"@type\":\"WebPage\",\"@id\":\"https:\/\/gabrielattic.com\/la-phrase-de-la-semaine\/\",\"url\":\"https:\/\/gabrielattic.com\/la-phrase-de-la-semaine\/\",\"name\":\"Rencontres - Gabriel Attic\",\"isPartOf\":{\"@id\":\"https:\/\/www.sjgsanchez.fr\/gabrielattic\/#website\"},\"datePublished\":\"2021-03-20T05:19:37+00:00\",\"dateModified\":\"2026-04-02T14:51:56+00:00\",\"breadcrumb\":{\"@id\":\"https:\/\/gabrielattic.com\/la-phrase-de-la-semaine\/#breadcrumb\"},\"inLanguage\":\"fr-FR\",\"potentialAction\":[{\"@type\":\"ReadAction\",\"target\":[\"https:\/\/gabrielattic.com\/la-phrase-de-la-semaine\/\"]}]},{\"@type\":\"BreadcrumbList\",\"@id\":\"https:\/\/gabrielattic.com\/la-phrase-de-la-semaine\/#breadcrumb\",\"itemListElement\":[{\"@type\":\"ListItem\",\"position\":1,\"name\":\"Accueil\",\"item\":\"https:\/\/www.sjgsanchez.fr\/gabrielattic\/\"},{\"@type\":\"ListItem\",\"position\":2,\"name\":\"Rencontres\"}]},{\"@type\":\"WebSite\",\"@id\":\"https:\/\/www.sjgsanchez.fr\/gabrielattic\/#website\",\"url\":\"https:\/\/www.sjgsanchez.fr\/gabrielattic\/\",\"name\":\"Gabriel Attic\",\"description\":\"\",\"potentialAction\":[{\"@type\":\"SearchAction\",\"target\":{\"@type\":\"EntryPoint\",\"urlTemplate\":\"https:\/\/www.sjgsanchez.fr\/gabrielattic\/?s={search_term_string}\"},\"query-input\":{\"@type\":\"PropertyValueSpecification\",\"valueRequired\":true,\"valueName\":\"search_term_string\"}}],\"inLanguage\":\"fr-FR\"}]}<\/script>\n<!-- \/ Yoast SEO plugin. -->","yoast_head_json":{"title":"Rencontres - Gabriel Attic","robots":{"index":"index","follow":"follow","max-snippet":"max-snippet:-1","max-image-preview":"max-image-preview:large","max-video-preview":"max-video-preview:-1"},"canonical":"https:\/\/gabrielattic.com\/la-phrase-de-la-semaine\/","og_locale":"fr_FR","og_type":"article","og_title":"Rencontres - Gabriel Attic","og_description":"Des causeries sont organis\u00e9es de fa\u00e7on mensuelle dans un lieu porteur d&rsquo;\u00e9nergies apaisantes: une crypte chr\u00e9tienne porteuse de m\u00e9moires\u2026 Prochaine s\u00e9ance le vendredi 17 avril 2026 \u00e0 20h, comme d&rsquo;habitude (entr\u00e9e gratuite) Pour plus de renseignements, \u00e9crire \u00e0: sjggattic@gmail.com","og_url":"https:\/\/gabrielattic.com\/la-phrase-de-la-semaine\/","og_site_name":"Gabriel Attic","article_modified_time":"2026-04-02T14:51:56+00:00","twitter_card":"summary_large_image","twitter_misc":{"Dur\u00e9e de lecture estim\u00e9e":"1 minute"},"schema":{"@context":"https:\/\/schema.org","@graph":[{"@type":"WebPage","@id":"https:\/\/gabrielattic.com\/la-phrase-de-la-semaine\/","url":"https:\/\/gabrielattic.com\/la-phrase-de-la-semaine\/","name":"Rencontres - Gabriel Attic","isPartOf":{"@id":"https:\/\/www.sjgsanchez.fr\/gabrielattic\/#website"},"datePublished":"2021-03-20T05:19:37+00:00","dateModified":"2026-04-02T14:51:56+00:00","breadcrumb":{"@id":"https:\/\/gabrielattic.com\/la-phrase-de-la-semaine\/#breadcrumb"},"inLanguage":"fr-FR","potentialAction":[{"@type":"ReadAction","target":["https:\/\/gabrielattic.com\/la-phrase-de-la-semaine\/"]}]},{"@type":"BreadcrumbList","@id":"https:\/\/gabrielattic.com\/la-phrase-de-la-semaine\/#breadcrumb","itemListElement":[{"@type":"ListItem","position":1,"name":"Accueil","item":"https:\/\/www.sjgsanchez.fr\/gabrielattic\/"},{"@type":"ListItem","position":2,"name":"Rencontres"}]},{"@type":"WebSite","@id":"https:\/\/www.sjgsanchez.fr\/gabrielattic\/#website","url":"https:\/\/www.sjgsanchez.fr\/gabrielattic\/","name":"Gabriel Attic","description":"","potentialAction":[{"@type":"SearchAction","target":{"@type":"EntryPoint","urlTemplate":"https:\/\/www.sjgsanchez.fr\/gabrielattic\/?s={search_term_string}"},"query-input":{"@type":"PropertyValueSpecification","valueRequired":true,"valueName":"search_term_string"}}],"inLanguage":"fr-FR"}]}},"_links":{"self":[{"href":"https:\/\/www.sjgsanchez.fr\/gabrielattic\/wp-json\/wp\/v2\/pages\/252","targetHints":{"allow":["GET"]}}],"collection":[{"href":"https:\/\/www.sjgsanchez.fr\/gabrielattic\/wp-json\/wp\/v2\/pages"}],"about":[{"href":"https:\/\/www.sjgsanchez.fr\/gabrielattic\/wp-json\/wp\/v2\/types\/page"}],"author":[{"embeddable":true,"href":"https:\/\/www.sjgsanchez.fr\/gabrielattic\/wp-json\/wp\/v2\/users\/2"}],"replies":[{"embeddable":true,"href":"https:\/\/www.sjgsanchez.fr\/gabrielattic\/wp-json\/wp\/v2\/comments?post=252"}],"version-history":[{"count":21,"href":"https:\/\/www.sjgsanchez.fr\/gabrielattic\/wp-json\/wp\/v2\/pages\/252\/revisions"}],"predecessor-version":[{"id":334,"href":"https:\/\/www.sjgsanchez.fr\/gabrielattic\/wp-json\/wp\/v2\/pages\/252\/revisions\/334"}],"wp:attachment":[{"href":"https:\/\/www.sjgsanchez.fr\/gabrielattic\/wp-json\/wp\/v2\/media?parent=252"}],"curies":[{"name":"wp","href":"https:\/\/api.w.org\/{rel}","templated":true}]}}